{"id":9897,"date":"2014-02-04T11:20:12","date_gmt":"2014-02-04T11:20:12","guid":{"rendered":"http:\/\/demo.qodeinteractive.com\/bridge10\/?page_id=9897"},"modified":"2025-06-13T13:28:55","modified_gmt":"2025-06-13T11:28:55","slug":"les-dernieres-nouvelles-du-garage-du-vernay","status":"publish","type":"page","link":"https:\/\/garageduvernay.ch\/newsite\/les-dernieres-nouvelles-du-garage-du-vernay\/","title":{"rendered":"Actualit\u00e9s"},"content":{"rendered":"","protected":false},"excerpt":{"rendered":"","protected":false},"author":1,"featured_media":0,"parent":0,"menu_order":0,"comment_status":"closed","ping_status":"open","template":"blog-masonry-date-in-image.php","meta":{"footnotes":""},"class_list":["post-9897","page","type-page","status-publish","hentry"],"yoast_head":"<!-- This site is optimized with the Yoast SEO plugin v26.3 - https:\/\/yoast.com\/wordpress\/plugins\/seo\/ -->\n<title>Actualit\u00e9s - Garage du Vernay<\/title>\n<meta name=\"description\" content=\"Retrouvez les toutes derni\u00e8res nouvelles du Garage du Vernay \u00e0 Gland, les nouveaut\u00e9s, les promotions, les concours, etc.\" \/>\n<meta name=\"robots\" content=\"index, follow, max-snippet:-1, max-image-preview:large, max-video-preview:-1\" \/>\n<link rel=\"canonical\" href=\"https:\/\/garageduvernay.ch\/newsite\/les-dernieres-nouvelles-du-garage-du-vernay\/\" \/>\n<meta property=\"og:locale\" content=\"fr_FR\" \/>\n<meta property=\"og:type\" content=\"article\" \/>\n<meta property=\"og:title\" content=\"Actualit\u00e9s - Garage du Vernay\" \/>\n<meta property=\"og:description\" content=\"Retrouvez les toutes derni\u00e8res nouvelles du Garage du Vernay \u00e0 Gland, les nouveaut\u00e9s, les promotions, les concours, etc.\" \/>\n<meta property=\"og:url\" content=\"https:\/\/garageduvernay.ch\/newsite\/les-dernieres-nouvelles-du-garage-du-vernay\/\" \/>\n<meta property=\"og:site_name\" content=\"Garage du Vernay\" \/>\n<meta property=\"article:modified_time\" content=\"2025-06-13T11:28:55+00:00\" \/>\n<meta property=\"og:image\" content=\"https:\/\/garageduvernay.ch\/newsite\/wp-content\/uploads\/2024\/10\/Logo-Garage-du-vernay-2024-Yoast.webp\" \/>\n\t<meta property=\"og:image:width\" content=\"1200\" \/>\n\t<meta property=\"og:image:height\" content=\"675\" \/>\n\t<meta property=\"og:image:type\" content=\"image\/webp\" \/>\n<meta name=\"twitter:card\" content=\"summary_large_image\" \/>\n<script type=\"application\/ld+json\" class=\"yoast-schema-graph\">{\"@context\":\"https:\/\/schema.org\",\"@graph\":[{\"@type\":\"WebPage\",\"@id\":\"https:\/\/garageduvernay.ch\/newsite\/les-dernieres-nouvelles-du-garage-du-vernay\/\",\"url\":\"https:\/\/garageduvernay.ch\/newsite\/les-dernieres-nouvelles-du-garage-du-vernay\/\",\"name\":\"Actualit\u00e9s - Garage du Vernay\",\"isPartOf\":{\"@id\":\"https:\/\/garageduvernay.ch\/newsite\/#website\"},\"datePublished\":\"2014-02-04T11:20:12+00:00\",\"dateModified\":\"2025-06-13T11:28:55+00:00\",\"description\":\"Retrouvez les toutes derni\u00e8res nouvelles du Garage du Vernay \u00e0 Gland, les nouveaut\u00e9s, les promotions, les concours, etc.\",\"breadcrumb\":{\"@id\":\"https:\/\/garageduvernay.ch\/newsite\/les-dernieres-nouvelles-du-garage-du-vernay\/#breadcrumb\"},\"inLanguage\":\"fr-FR\",\"potentialAction\":[{\"@type\":\"ReadAction\",\"target\":[\"https:\/\/garageduvernay.ch\/newsite\/les-dernieres-nouvelles-du-garage-du-vernay\/\"]}]},{\"@type\":\"BreadcrumbList\",\"@id\":\"https:\/\/garageduvernay.ch\/newsite\/les-dernieres-nouvelles-du-garage-du-vernay\/#breadcrumb\",\"itemListElement\":[{\"@type\":\"ListItem\",\"position\":1,\"name\":\"Accueil\",\"item\":\"https:\/\/garageduvernay.ch\/newsite\/\"},{\"@type\":\"ListItem\",\"position\":2,\"name\":\"Actualit\u00e9s\"}]},{\"@type\":\"WebSite\",\"@id\":\"https:\/\/garageduvernay.ch\/newsite\/#website\",\"url\":\"https:\/\/garageduvernay.ch\/newsite\/\",\"name\":\"Garage du Vernay\",\"description\":\"Votre Concessionnaire Toyota et Mitsubishi\",\"publisher\":{\"@id\":\"https:\/\/garageduvernay.ch\/newsite\/#organization\"},\"alternateName\":\"Garage du Vernay\",\"potentialAction\":[{\"@type\":\"SearchAction\",\"target\":{\"@type\":\"EntryPoint\",\"urlTemplate\":\"https:\/\/garageduvernay.ch\/newsite\/?s={search_term_string}\"},\"query-input\":{\"@type\":\"PropertyValueSpecification\",\"valueRequired\":true,\"valueName\":\"search_term_string\"}}],\"inLanguage\":\"fr-FR\"},{\"@type\":\"Organization\",\"@id\":\"https:\/\/garageduvernay.ch\/newsite\/#organization\",\"name\":\"Garage du Vernay\",\"alternateName\":\"Garage du Vernay\",\"url\":\"https:\/\/garageduvernay.ch\/newsite\/\",\"logo\":{\"@type\":\"ImageObject\",\"inLanguage\":\"fr-FR\",\"@id\":\"https:\/\/garageduvernay.ch\/newsite\/#\/schema\/logo\/image\/\",\"url\":\"https:\/\/garageduvernay.ch\/newsite\/wp-content\/uploads\/2024\/04\/Logo-jdf-Final-2021-696x696-1.jpg\",\"contentUrl\":\"https:\/\/garageduvernay.ch\/newsite\/wp-content\/uploads\/2024\/04\/Logo-jdf-Final-2021-696x696-1.jpg\",\"width\":696,\"height\":696,\"caption\":\"Garage du Vernay\"},\"image\":{\"@id\":\"https:\/\/garageduvernay.ch\/newsite\/#\/schema\/logo\/image\/\"}}]}<\/script>\n<!-- \/ Yoast SEO plugin. -->","yoast_head_json":{"title":"Actualit\u00e9s - Garage du Vernay","description":"Retrouvez les toutes derni\u00e8res nouvelles du Garage du Vernay \u00e0 Gland, les nouveaut\u00e9s, les promotions, les concours, etc.","robots":{"index":"index","follow":"follow","max-snippet":"max-snippet:-1","max-image-preview":"max-image-preview:large","max-video-preview":"max-video-preview:-1"},"canonical":"https:\/\/garageduvernay.ch\/newsite\/les-dernieres-nouvelles-du-garage-du-vernay\/","og_locale":"fr_FR","og_type":"article","og_title":"Actualit\u00e9s - Garage du Vernay","og_description":"Retrouvez les toutes derni\u00e8res nouvelles du Garage du Vernay \u00e0 Gland, les nouveaut\u00e9s, les promotions, les concours, etc.","og_url":"https:\/\/garageduvernay.ch\/newsite\/les-dernieres-nouvelles-du-garage-du-vernay\/","og_site_name":"Garage du Vernay","article_modified_time":"2025-06-13T11:28:55+00:00","og_image":[{"width":1200,"height":675,"url":"https:\/\/garageduvernay.ch\/newsite\/wp-content\/uploads\/2024\/10\/Logo-Garage-du-vernay-2024-Yoast.webp","type":"image\/webp"}],"twitter_card":"summary_large_image","schema":{"@context":"https:\/\/schema.org","@graph":[{"@type":"WebPage","@id":"https:\/\/garageduvernay.ch\/newsite\/les-dernieres-nouvelles-du-garage-du-vernay\/","url":"https:\/\/garageduvernay.ch\/newsite\/les-dernieres-nouvelles-du-garage-du-vernay\/","name":"Actualit\u00e9s - Garage du Vernay","isPartOf":{"@id":"https:\/\/garageduvernay.ch\/newsite\/#website"},"datePublished":"2014-02-04T11:20:12+00:00","dateModified":"2025-06-13T11:28:55+00:00","description":"Retrouvez les toutes derni\u00e8res nouvelles du Garage du Vernay \u00e0 Gland, les nouveaut\u00e9s, les promotions, les concours, etc.","breadcrumb":{"@id":"https:\/\/garageduvernay.ch\/newsite\/les-dernieres-nouvelles-du-garage-du-vernay\/#breadcrumb"},"inLanguage":"fr-FR","potentialAction":[{"@type":"ReadAction","target":["https:\/\/garageduvernay.ch\/newsite\/les-dernieres-nouvelles-du-garage-du-vernay\/"]}]},{"@type":"BreadcrumbList","@id":"https:\/\/garageduvernay.ch\/newsite\/les-dernieres-nouvelles-du-garage-du-vernay\/#breadcrumb","itemListElement":[{"@type":"ListItem","position":1,"name":"Accueil","item":"https:\/\/garageduvernay.ch\/newsite\/"},{"@type":"ListItem","position":2,"name":"Actualit\u00e9s"}]},{"@type":"WebSite","@id":"https:\/\/garageduvernay.ch\/newsite\/#website","url":"https:\/\/garageduvernay.ch\/newsite\/","name":"Garage du Vernay","description":"Votre Concessionnaire Toyota et Mitsubishi","publisher":{"@id":"https:\/\/garageduvernay.ch\/newsite\/#organization"},"alternateName":"Garage du Vernay","potentialAction":[{"@type":"SearchAction","target":{"@type":"EntryPoint","urlTemplate":"https:\/\/garageduvernay.ch\/newsite\/?s={search_term_string}"},"query-input":{"@type":"PropertyValueSpecification","valueRequired":true,"valueName":"search_term_string"}}],"inLanguage":"fr-FR"},{"@type":"Organization","@id":"https:\/\/garageduvernay.ch\/newsite\/#organization","name":"Garage du Vernay","alternateName":"Garage du Vernay","url":"https:\/\/garageduvernay.ch\/newsite\/","logo":{"@type":"ImageObject","inLanguage":"fr-FR","@id":"https:\/\/garageduvernay.ch\/newsite\/#\/schema\/logo\/image\/","url":"https:\/\/garageduvernay.ch\/newsite\/wp-content\/uploads\/2024\/04\/Logo-jdf-Final-2021-696x696-1.jpg","contentUrl":"https:\/\/garageduvernay.ch\/newsite\/wp-content\/uploads\/2024\/04\/Logo-jdf-Final-2021-696x696-1.jpg","width":696,"height":696,"caption":"Garage du Vernay"},"image":{"@id":"https:\/\/garageduvernay.ch\/newsite\/#\/schema\/logo\/image\/"}}]}},"_links":{"self":[{"href":"https:\/\/garageduvernay.ch\/newsite\/wp-json\/wp\/v2\/pages\/9897","targetHints":{"allow":["GET"]}}],"collection":[{"href":"https:\/\/garageduvernay.ch\/newsite\/wp-json\/wp\/v2\/pages"}],"about":[{"href":"https:\/\/garageduvernay.ch\/newsite\/wp-json\/wp\/v2\/types\/page"}],"author":[{"embeddable":true,"href":"https:\/\/garageduvernay.ch\/newsite\/wp-json\/wp\/v2\/users\/1"}],"replies":[{"embeddable":true,"href":"https:\/\/garageduvernay.ch\/newsite\/wp-json\/wp\/v2\/comments?post=9897"}],"version-history":[{"count":8,"href":"https:\/\/garageduvernay.ch\/newsite\/wp-json\/wp\/v2\/pages\/9897\/revisions"}],"predecessor-version":[{"id":20395,"href":"https:\/\/garageduvernay.ch\/newsite\/wp-json\/wp\/v2\/pages\/9897\/revisions\/20395"}],"wp:attachment":[{"href":"https:\/\/garageduvernay.ch\/newsite\/wp-json\/wp\/v2\/media?parent=9897"}],"curies":[{"name":"wp","href":"https:\/\/api.w.org\/{rel}","templated":true}]}}

Actualités

<!-- This site is optimized with the Yoast SEO plugin v26.3 - https://yoast.com/wordpress/plugins/seo/ -->
<title>Actualités - Garage du Vernay</title>
<meta name="description" content="Retrouvez les toutes dernières nouvelles du Garage du Vernay à Gland, les nouveautés, les promotions, les concours, etc." />
<meta name="robots" content="index, follow, max-snippet:-1, max-image-preview:large, max-video-preview:-1" />
<link rel="canonical" href="https://garageduvernay.ch/newsite/les-dernieres-nouvelles-du-garage-du-vernay/" />
<meta property="og:locale" content="fr_FR" />
<meta property="og:type" content="article" />
<meta property="og:title" content="Actualités - Garage du Vernay" />
<meta property="og:description" content="Retrouvez les toutes dernières nouvelles du Garage du Vernay à Gland, les nouveautés, les promotions, les concours, etc." />
<meta property="og:url" content="https://garageduvernay.ch/newsite/les-dernieres-nouvelles-du-garage-du-vernay/" />
<meta property="og:site_name" content="Garage du Vernay" />
<meta property="article:modified_time" content="2025-06-13T11:28:55+00:00" />
<meta property="og:image" content="https://garageduvernay.ch/newsite/wp-content/uploads/2024/10/Logo-Garage-du-vernay-2024-Yoast.webp" />
	<meta property="og:image:width" content="1200" />
	<meta property="og:image:height" content="675" />
	<meta property="og:image:type" content="image/webp" />
<meta name="twitter:card" content="summary_large_image" />
<script type="application/ld+json" class="yoast-schema-graph">{"@context":"https://schema.org","@graph":[{"@type":"WebPage","@id":"https://garageduvernay.ch/newsite/les-dernieres-nouvelles-du-garage-du-vernay/","url":"https://garageduvernay.ch/newsite/les-dernieres-nouvelles-du-garage-du-vernay/","name":"Actualités - Garage du Vernay","isPartOf":{"@id":"https://garageduvernay.ch/newsite/#website"},"datePublished":"2014-02-04T11:20:12+00:00","dateModified":"2025-06-13T11:28:55+00:00","description":"Retrouvez les toutes dernières nouvelles du Garage du Vernay à Gland, les nouveautés, les promotions, les concours, etc.","breadcrumb":{"@id":"https://garageduvernay.ch/newsite/les-dernieres-nouvelles-du-garage-du-vernay/#breadcrumb"},"inLanguage":"fr-FR","potentialAction":[{"@type":"ReadAction","target":["https://garageduvernay.ch/newsite/les-dernieres-nouvelles-du-garage-du-vernay/"]}]},{"@type":"BreadcrumbList","@id":"https://garageduvernay.ch/newsite/les-dernieres-nouvelles-du-garage-du-vernay/#breadcrumb","itemListElement":[{"@type":"ListItem","position":1,"name":"Accueil","item":"https://garageduvernay.ch/newsite/"},{"@type":"ListItem","position":2,"name":"Actualités"}]},{"@type":"WebSite","@id":"https://garageduvernay.ch/newsite/#website","url":"https://garageduvernay.ch/newsite/","name":"Garage du Vernay","description":"Votre Concessionnaire Toyota et Mitsubishi","publisher":{"@id":"https://garageduvernay.ch/newsite/#organization"},"alternateName":"Garage du Vernay","potentialAction":[{"@type":"SearchAction","target":{"@type":"EntryPoint","urlTemplate":"https://garageduvernay.ch/newsite/?s={search_term_string}"},"query-input":{"@type":"PropertyValueSpecification","valueRequired":true,"valueName":"search_term_string"}}],"inLanguage":"fr-FR"},{"@type":"Organization","@id":"https://garageduvernay.ch/newsite/#organization","name":"Garage du Vernay","alternateName":"Garage du Vernay","url":"https://garageduvernay.ch/newsite/","logo":{"@type":"ImageObject","inLanguage":"fr-FR","@id":"https://garageduvernay.ch/newsite/#/schema/logo/image/","url":"https://garageduvernay.ch/newsite/wp-content/uploads/2024/04/Logo-jdf-Final-2021-696x696-1.jpg","contentUrl":"https://garageduvernay.ch/newsite/wp-content/uploads/2024/04/Logo-jdf-Final-2021-696x696-1.jpg","width":696,"height":696,"caption":"Garage du Vernay"},"image":{"@id":"https://garageduvernay.ch/newsite/#/schema/logo/image/"}}]}</script>
<!-- / Yoast SEO plugin. -->

Actualités - Garage du Vernay

Retrouvez les toutes dernières nouvelles du Garage du Vernay à Gland, les nouveautés, les promotions, les concours, etc.
